(m) = k(m) + 3*s(m). Let f(p) = -5*t(p) - 8*v(p). What is f(2)?
-3
Suppose 0 = 2*m - m - 4. Suppose 0 = 2*p + q - 14, m*p + 4*q = 3*q + 32. Let w(k) = 3294*k**2 - 4 + 3210*k**2 - 9*k - 6503*k**2. Determine w(p).
-4
Let q = 68 + -58. Let i(p) = 17 - 37 + q + p. What is i(6)?
-4
Let b(x) = 2*x**2 + 17*x - 10. Let m be b(-7). Let z = m + 51. Let a(w) = -w - 9 - z + 44 - 19. What is a(5)?
-9
Let h(m) be the first derivative of m**6/60 - m**5/120 - m**4/12 - 50*m**3/3 - 182. Let j(f) be the third derivative of h(f). Calculate j(2).
20
Let y(n) = -17*n + 33. Suppose 8*b = 33*b - 50. What is y(b)?
-1
Let g(y) = y**3 + 2*y**2 - 2*y + 1. Let n be ((-3)/(-5))/((-6)/(-90)). Suppose -8 = -5*h - i, -5 = -5*h + 2*i + n. Let u be 1 + 6/h + -3 + -4. What is g(u)?
-2
Let n(b) be the first derivative of -b**4/4 - 8*b**3/3 + 9*b**2/2 + 5*b - 258. Determine n(-8).
-67
Let m(u) be the first derivative of -49 + 7/2*u**2 + 0*u. Determine m(2).
14
Let d(g) = g - 2. Let l(s) = -s - 4. Suppose 4*a = 5*n - 3, n - 5*n = -5*a - 15. Let t be 9/3 + (a - -8). Let v(m) = t*d(m) - l(m). Give v(-3).
-19
Let j(a) = -22*a. Let d(k) = 7*k - 1. Let q(l) = -3*d(l) - j(l). Determine q(3).
6
Let a(j) = -j**3 - 8*j**2 - 5*j + 5. Suppose -o + 5 = -3*w, 1 = -3*o + 5*w + 12. Suppose 61 = -o*d + 47. Give a(d).
-9
Let o(v) = -9*v**2 + 2*v - 3. Suppose 0 = -3*t + 5*q - 1676, 2*q + q + 1130 = -2*t. Let y = t - -564. Determine o(y).
-35
Let z(r) = -2*r + 1. Let s be (-18)/(-54) - (-1 - 34/6). Suppose 2*b = 4*j + 14, b - 17 = 3*j - s. What is z(j)?
7
Let b = -24 + 22. Let g be (0 - 8/(-12)) + b/3. Suppose -2*t - 4 = -g*t. Let x(a) = -a**3 - 2*a**2 + 2*a - 1. Determine x(t).
-5
Let f(n) = 48 + 210*n - 202*n - 199. Give f(16).
-23
Let k(v) be the third derivative of -v**6/120 + v**5/10 - v**4/6 + v**3 + 2*v**2. Let q = -11692 + 11696. Calculate k(q).
22
Suppose 0 = 487*u - 481*u - 48. Let i(p) = 5*p + 13. Let z(t) = t + 1. Let j(g) = i(g) - 6*z(g). Give j(u).
-1
Suppose -7*o = 861 - 3563. Let u = o - 395. Let n(g) = -2*g - 20. What is n(u)?
-2
Let a be (-4340)/(-245) + (-8)/(-28). Let t(n) = -n**3 + 19*n**2 - 18*n - 29. Give t(a).
-29
Let i(g) be the second derivative of 0 - 25*g - 2*g**2 + 1/6*g**3. What is i(4)?
0
Let q = -12 - -6. Let n(p) = 7*p**2 - 56*p**3 + 57*p**3 - 2 - 2058*p + 2062*p. What is n(q)?
10
Suppose 0 = -4*u + 3*b - 44, -2*u + 176 = 2*b + 170. Let h(r) = -r**2 - 30*r - 132. Calculate h(u).
-7
Suppose -s - 37*w = -39*w - 18, -15 = 3*w. Let b(l) be the second derivative of s*l + 1/12*l**4 + 0 - 5/6*l**3 + 1/2*l**2. Give b(4).
-3
Let p(t) be the third derivative of -t**4/8 - 11*t**3/6 + t**2. Let y be 2745/(-1098)*4/2. What is p(y)?
4
Let o(t) be the second derivative of t**5/20 + t**4/6 - 2*t**3/3 - t**2 + 14*t. Let x = 103 - 106. Let h be -1*(x - 12/(-2)). Calculate o(h).
1
Let f(m) be the third derivative of m**7/840 + m**6/72 - m**5/24 + m**4/3 - 38*m**3/3 - 73*m**2. Let q(v) be the first derivative of f(v). Calculate q(-6).
2
Let n(k) = k**3 - 3*k**2 - 3*k + 6. Let j be ((-6)/10)/((-13)/65). Let f(y) = y**3 - 4*y**2 + 5*y - 2. Let u be f(j). Give n(u).
10
Let c(h) = -4*h - 3. Let g be -12*(-12)/(-16) + 760. Let v = -748 + g. Give c(v).
-15
Let x(n) = n**2 + 26 - 11762*n + 23577*n - 11789*n. Determine x(-25).
1
Let l = 5164 + -5155. Let q(j) = -j**3 + 10*j**2 - 11*j + 2. Calculate q(l).
-16
Let g(w) = 10310 - w**2 - 10312 + 2*w - 6*w. Let h = 44 - 50. Calculate g(h).
-14
Let u(h) be the second derivative of -h**5/20 + 3*h**4/4 - 11*h**3/6 + 6*h**2 - 16*h - 2. Suppose -7*x - 24 = -10*x. Give u(x).
-12
Let u(v) = -v**3 + 7*v**2 + 35*v + 8. Let a(h) = h**3 - 6*h**2 - 29*h - 7. Let c(k) = 6*a(k) + 5*u(k). Suppose 0 = -4*y - 0*y. Give c(y).
-2
Let a(j) = -1460*j**3 + 1458*j**3 + j + 11*j**2 - 74 + 65. Determine a(5).
21
Let d(m) = -4*m**2 + 0*m - 3 - 3 + 374677*m**3 - 374706*m**3 + 5*m**2 - 5*m. What is d(-1)?
29
Let r(w) = 3*w - 15. Let s = -3051 + 3048. Determine r(s).
-24
Let k(m) be the first derivative of 1/120*m**5 + 1/24*m**4 - 8*m**3 + 0*m + 0*m**2 - 11. Let h(f) be the third derivative of k(f). What is h(0)?
1
Suppose 2*p + 20 = 7*p. Suppose 34*m - 2 = -w + 35*m, -6 = -3*w - 2*m. Let h(b) = -8*b + 17*b**2 + p + 18*b**w - 34*b**2. Calculate h(6).
-8
Let b(i) be the second derivative of i**4/12 + 13*i**3/6 - 13*i**2/2 + 202*i - 11. Give b(-10).
-43
Let s = 32 + -28. Suppose -3*k + 5*p - 186 = -1, 0 = 2*k - s*p + 124. Let q = k + 58. Let f(c) = -5*c - 3. Calculate f(q).
7
Let l(z) = -z**2 - 499 + 8*z + 500 + 3*z. What is l(8)?
25
Let q = -4009 - -4024. Let b(p) be the first derivative of -1/2*p**2 - 5*p - q. What is b(-6)?
1
Suppose 2*o - 4*m + 10 = 0, -m - 12 = -5*m. Let z(k) = -3546588*k + 3546591*k + 3 - 1. What is z(o)?
5
Let r(j) be the third derivative of -j**6/60 + j**5/15 - j**4/24 - 2*j**3/3 + 157*j**2. Let s be 18/(-24) + 15/4. What is r(s)?
-25
Suppose -4*z - 6 - 18 = b, 3*z = 5*b + 28. Let g be 5*b/(-160) + (-38)/(-8). Let i(j) = j**2 - 2*j - 7. Calculate i(g).
8
Let f(b) = 2*b - 3*b + 3 - 4. Let z(l) = 6*l + 1. Let r(y) = 3*y + 7. Let g be r(-2). Let o(q) = g*z(q) + 5*f(q). Calculate o(0).
-4
Let f(t) = -6*t**2 - t. Let b = 0 + -1. Let q be f(b). Let g(r) = 9*r - r + r - 3*r + 4 - r**2 - 8*r - r. What is g(q)?
-6
Let y = 7301 + -7312. Let f(b) = 2*b - 28. Determine f(y).
-50
Let f(y) = -31*y + 7. Let u = 1479 - 1477. What is f(u)?
-55
Suppose 9 = 36*n - 33*n. Let x(q) = 1. Let j(d) = -d**2 - 3*d - 8. Let r(w) = n*x(w) + j(w). What is r(0)?
-5
Let j(i) = i**2 + 2*i - 3. Let g be 8/(-6)*135/90. Let k(u) = 2*u. Let c(y) = g*k(y) + j(y). Give c(-2).
5
Let m(s) = 6*s**3 - s**2 - 13*s + 8. Let i(f) = 13*f**3 - 3*f**2 - 30*f + 17. Let k(h) = -2*i(h) + 5*m(h). Give k(2).
32
Let o(r) = 13*r**3 - 17*r**2 - 22*r. Let b = -271 + 269. Let s(z) = 3*z**3 - 4*z**2 - 5*z. Let x(p) = b*o(p) + 9*s(p). Determine x(-1).
-2
Let z(g) = -12*g - 12*g + 39*g - 14 - 6*g - 11*g. Give z(-2).
-10
Let q = 6 + -14. Let i(k) = -7*k + 4*k + 9*k - 108362*k**2 + 108363*k**2 - 8. Give i(q).
8
Let q(i) = -24*i**2 - 101*i - 59. Let m(a) = -5*a**2 - 21*a - 12. Let f(s) = -29*m(s) + 6*q(s). Determine f(-6).
12
Let k(r) = -r**2 - 21*r + 25. Let c be k(-22). Suppose -c*z + 22*z = 19. Let s(b) = -4*b - 2. Calculate s(z).
-6
Let d be (2 - -2)*(-14)/8. Let f(l) = 315 - 626 + 6*l**2 - 3*l**2 + l**3 + 303 + 3*l**2 - 11*l. Give f(d).
20
Suppose 5*b = -p - 4*p - 130, -2*b - 3*p = 49. Let o be (-6)/18*(-2 - b). Let y(x) = x**2 + 11*x + 7. Determine y(o).
-11
Suppose -5*q - 29 = 3*a - 0*q, a = -2*q - 10. Let s be -2 + (-26)/a - 81/(-108). Let l(p) = p**3 - p. Give l(s).
6
Let z(v) = -2*v**3 + 9*v**2 - 8*v + 7. Let j be z(3). Let y(h) = -881*h + 882*h - j + 4. Determine y(9).
3
Let c(s) be the third derivative of s**4/24 - s**3/6 - s**2 - 42. Suppose -4*q - 6*q = -10. Calculate c(q).
0
Let v(r) = -2*r**2 - 29*r - 231. Let f(s) = -9*s**2 - 144*s - 1157. Let l(n) = 3*f(n) - 14*v(n). Calculate l(-7).
-6
Let b(x) = 2*x + 5. Let n(p) be the second derivative of p**4/12 + 2*p**3/3 - 3*p**2 + 12*p. Let c be n(0). Determine b(c).
-7
Let t(u) = 0*u - 1 - 1 - 7*u + 8*u. Let s be t(12). Let m(z) = -s + 8*z + 10 + z. Give m(-1).
-9
Let p be (-1646)/3 - (-14)/21. Let a = p - -550. Let t(v) = -5*v**3 + 4*v**2 - 2*v - 1. Give t(a).
-29
Suppose 0 = -2*y - 3*y + 10. Let n(x) = -x**3 - 5*x**y + 1 + 3 + 2*x + 0. Suppose 0 = 116*j - 119*j - 15. What is n(j)?
-6
Suppose -5*g + 6*g = 4, 4*z = -3*g + 32. Let x be 23842/161 + 4/(-46). Let r(i) = x + 2*i + 4*i - 3*i**2 - 4*i**2 + i**3 - 151. Calculate r(z).
-23
Let b = 30 + -27. Suppose b*j + 58 = 4. Let x be (j - -19) + -1 + 5. Let r(h) = h**3 - 5*h**2 + 2*h - 4. Calculate r(x).
6
Let h(o) = -11*o + 2. Suppose 1003*r = 3*n + 1004*r + 22, 2*r = -n - 14. Calculate h(n).
68
Let o(z) = 17*z + 78. Let k be o(-4). Let m(b) = -3*b**2 - 6*b**2 + 10*b**2 + 2*b**3 + k*b**3. Calculate m(-1).
-11
Suppose v = -2*y + 15, 10 = 3*y - 0*v - v. Suppose -1 - 19 = y*k. Let u(n) = -13*n - 137. Let p(m) = 4*m + 40. Let a(z) = 7*p(z) + 2*u(z). Calculate a(k).
-2
Let c(s) = -2*s**2 - 7*s + 2. Let q be c(-4). Let x be 1/(q/16*2). Let a(u) = 3*u - 2 + 20*u**2 + 16*u**2 - 35*u**2. Give a(x).
2
Let y(d) = 2*d**2 + 78*d + 220. Suppose 15*q + 8*q = 7*q - 576. What is y(q)?
4
Let x be (-15)/(-4) + -3*(-3)/(-12). S